{"id":512,"date":"2018-02-15T00:37:20","date_gmt":"2018-02-15T00:37:20","guid":{"rendered":"http:\/\/acervoformiga.art.br\/acervoformiga\/?page_id=512"},"modified":"2025-04-20T14:18:25","modified_gmt":"2025-04-20T14:18:25","slug":"quem-somos","status":"publish","type":"page","link":"http:\/\/acervoformiga.art.br\/acervoformiga\/quem-somos\/","title":{"rendered":"Quem Somos"},"content":{"rendered":"<p align=\"justify\"><strong>Sobre os atores desse projeto:<\/strong><\/p>\n<p align=\"justify\">O Acervo P\u00fablico de Filmes Formiga \u00e9 a conflu\u00eancia do trabalho de atua\u00e7\u00e3o do Cineclube Catavento e do Coletivo de M\u00eddia Livre Vai J\u00e3o de Campinas-SP, no per\u00edodo de 2012 a 2018. Ao realizar cineclubes mensais e a produ\u00e7\u00e3o de sete edi\u00e7\u00f5es de festivais anuais de audiovisual independente (Semana do Audiovisual Campinas-SP &#8211; SEDA) na cidade durante este per\u00edodo, estes trabalhos desenvolveram por volta de 300 exibi\u00e7\u00f5es p\u00fablicas e gratuitas, em diversos espa\u00e7os p\u00fablicos da cidade, envolvendo cerca de 15 mil expectadores, realizadores e debatedores e um acervo com mais de 250 t\u00edtulos de interesse social, a ser apreciado nesta plataforma. O Acervo e Cat\u00e1logo P\u00fablico de Filmes que ampliou seus horizontes de Campinas-SP para Foz do Igua\u00e7u-PR, realizando projetos de itiner\u00e2ncia audiovisual, tem ampliado o seu acervo e fomentado a consulta, pesquisa e cataloga\u00e7\u00e3o de filmes sociais e educativos diretamente com a rede p\u00fablica de educa\u00e7\u00e3o (escolas municipais e estaduais) e com as organiza\u00e7\u00f5es da sociedade civil e os diversos servi\u00e7os ofertados pelas pol\u00edticas sociais.<\/p>\n<p align=\"justify\">A Plataforma Formiga \u00e9 o resultado dessa curadoria coletiva e da pesquisa cont\u00ednua de filmes para exibi\u00e7\u00e3o, que vem desenvolvendo afetivamente ricas interlocu\u00e7\u00f5es de agentes da cultura, artistas, produtores, amantes de audiovisual, espectadores, amigos, redes de produtores\/exibidores, professores, comunicadores, pedagogos, historiadores, cineclubistas, militantes, redes sociais e etc, de modo que esses utilizem dessa plataforma como base de pesquisa de t\u00edtulos (filmes) para gera\u00e7\u00e3o de discuss\u00f5es e debates p\u00fablicos de interesse social. Tudo isso a partir da constru\u00e7\u00e3o colaborativa de circuitos alternativos e independentes de cinema e etc.<\/p>\n<p align=\"justify\"><img data-recalc-dims=\"1\" loading=\"lazy\" decoding=\"async\" data-attachment-id=\"1929\" data-permalink=\"http:\/\/acervoformiga.art.br\/acervoformiga\/quem-somos\/semanasdoaudiovisual\/\" data-orig-file=\"https:\/\/i0.wp.com\/acervoformiga.art.br\/acervoformiga\/wp-content\/uploads\/2021\/06\/SemanasdoAudiovisual.png?fit=1765%2C951\" data-orig-size=\"1765,951\" data-comments-opened=\"0\" data-image-meta=\"{&quot;aperture&quot;:&quot;0&quot;,&quot;credit&quot;:&quot;&quot;,&quot;camera&quot;:&quot;&quot;,&quot;caption&quot;:&quot;&quot;,&quot;created_timestamp&quot;:&quot;0&quot;,&quot;copyright&quot;:&quot;&quot;,&quot;focal_length&quot;:&quot;0&quot;,&quot;iso&quot;:&quot;0&quot;,&quot;shutter_speed&quot;:&quot;0&quot;,&quot;title&quot;:&quot;&quot;,&quot;orientation&quot;:&quot;0&quot;}\" data-image-title=\"SemanasdoAudiovisual\" data-image-description=\"\" data-image-caption=\"\" data-medium-file=\"https:\/\/i0.wp.com\/acervoformiga.art.br\/acervoformiga\/wp-content\/uploads\/2021\/06\/SemanasdoAudiovisual.png?fit=300%2C162\" data-large-file=\"https:\/\/i0.wp.com\/acervoformiga.art.br\/acervoformiga\/wp-content\/uploads\/2021\/06\/SemanasdoAudiovisual.png?fit=1000%2C539\" class=\"alignnone wp-image-1929 size-large\" src=\"https:\/\/i0.wp.com\/acervoformiga.art.br\/acervoformiga\/wp-content\/uploads\/2021\/06\/SemanasdoAudiovisual.png?resize=1000%2C539\" alt=\"\" width=\"1000\" height=\"539\" srcset=\"https:\/\/i0.wp.com\/acervoformiga.art.br\/acervoformiga\/wp-content\/uploads\/2021\/06\/SemanasdoAudiovisual.png?resize=1024%2C552 1024w, https:\/\/i0.wp.com\/acervoformiga.art.br\/acervoformiga\/wp-content\/uploads\/2021\/06\/SemanasdoAudiovisual.png?resize=300%2C162 300w, https:\/\/i0.wp.com\/acervoformiga.art.br\/acervoformiga\/wp-content\/uploads\/2021\/06\/SemanasdoAudiovisual.png?resize=768%2C414 768w, https:\/\/i0.wp.com\/acervoformiga.art.br\/acervoformiga\/wp-content\/uploads\/2021\/06\/SemanasdoAudiovisual.png?resize=1536%2C828 1536w, https:\/\/i0.wp.com\/acervoformiga.art.br\/acervoformiga\/wp-content\/uploads\/2021\/06\/SemanasdoAudiovisual.png?resize=557%2C300 557w, https:\/\/i0.wp.com\/acervoformiga.art.br\/acervoformiga\/wp-content\/uploads\/2021\/06\/SemanasdoAudiovisual.png?w=1765 1765w\" sizes=\"auto, (max-width: 1000px) 100vw, 1000px\" \/><\/p>\n<p align=\"justify\">\u00c9 tamb\u00e9m mais uma plataforma cineclubista para todos e qualquer interessado na aprecia\u00e7\u00e3o e discuss\u00e3o coletiva de filmes.<\/p>\n<p align=\"justify\">Na realiza\u00e7\u00e3o de nossas a\u00e7\u00f5es e atividades cineclubistas primamos por metodologias de sociabilidade baseadas nos preceitos da educa\u00e7\u00e3o popular,\u00a0 na produ\u00e7\u00e3o partilhada do conhecimento, na hist\u00f3ria oral em audiovisual, na psicologia social, edu-comunica\u00e7\u00e3o e etc. Pedagogias horizontais democr\u00e1ticas e descolonizadoras da aprecia\u00e7\u00e3o audiovisual e da partilha das experi\u00eancias imeg\u00e9ticas atrav\u00e9s da oralidade subjetiva dos sujeitos.<\/p>\n<p align=\"justify\">A maioria dos filmes tem forte cunho social, que trazem elementos para se discutir coletivamente sobre classe, ra\u00e7a, g\u00eanero, etnia, meio ambiente, direitos humanos, pol\u00edtica educa\u00e7\u00e3o, sa\u00fade, juventude, pessoa idosa, inf\u00e2ncia e etc, n\u00e3o deixando de lado os inc\u00f4modos de cunho pol\u00edtico-social que o cinema carrega.<\/p>\n<p align=\"justify\">Do mesmo modo, seus realizadores nos brindam a todos ao disponibilizar as produ\u00e7\u00f5es f\u00edlmicas a esses formigueiros ao desejarem que esses filmes cheguem a pessoas e espa\u00e7os de circula\u00e7\u00e3o democr\u00e1ticos e\/ou n\u00e3o-comerciais. Que nossos filmes possam ir mais longe e transformar a realidade!<\/p>\n<p align=\"justify\">Brindamos aqui mais uma iniciativa independente e aut\u00f4noma que prop\u00f5e e exercita a via do conhecimento livre e a democratiza\u00e7\u00e3o dos meios e produtos audiovisuais. Ferramentas essas para dialogar sobre outras formas de fazer pol\u00edtica, de se relacionar na sociedade e de circular filmes. Ao povo o que \u00e9 do povo e que o povo o fa\u00e7a por si mesmo, se apropriando do que \u00e9 seu.<\/p>\n\n\n<figure class=\"wp-block-image size-large\"><img data-recalc-dims=\"1\" loading=\"lazy\" decoding=\"async\" width=\"1000\" height=\"508\" data-attachment-id=\"1926\" data-permalink=\"http:\/\/acervoformiga.art.br\/acervoformiga\/quem-somos\/painel04_ocupacoes_espacos_publicos\/\" data-orig-file=\"https:\/\/i0.wp.com\/acervoformiga.art.br\/acervoformiga\/wp-content\/uploads\/2021\/06\/Painel04_ocupacoes_espacos_publicos.png?fit=1584%2C804\" data-orig-size=\"1584,804\" data-comments-opened=\"0\" data-image-meta=\"{&quot;aperture&quot;:&quot;0&quot;,&quot;credit&quot;:&quot;&quot;,&quot;camera&quot;:&quot;&quot;,&quot;caption&quot;:&quot;&quot;,&quot;created_timestamp&quot;:&quot;0&quot;,&quot;copyright&quot;:&quot;&quot;,&quot;focal_length&quot;:&quot;0&quot;,&quot;iso&quot;:&quot;0&quot;,&quot;shutter_speed&quot;:&quot;0&quot;,&quot;title&quot;:&quot;&quot;,&quot;orientation&quot;:&quot;0&quot;}\" data-image-title=\"Painel04_ocupacoes_espacos_publicos\" data-image-description=\"\" data-image-caption=\"\" data-medium-file=\"https:\/\/i0.wp.com\/acervoformiga.art.br\/acervoformiga\/wp-content\/uploads\/2021\/06\/Painel04_ocupacoes_espacos_publicos.png?fit=300%2C152\" data-large-file=\"https:\/\/i0.wp.com\/acervoformiga.art.br\/acervoformiga\/wp-content\/uploads\/2021\/06\/Painel04_ocupacoes_espacos_publicos.png?fit=1000%2C508\" src=\"https:\/\/i0.wp.com\/acervoformiga.art.br\/acervoformiga\/wp-content\/uploads\/2021\/06\/Painel04_ocupacoes_espacos_publicos.png?resize=1000%2C508\" alt=\"\" class=\"wp-image-1926\" srcset=\"https:\/\/i0.wp.com\/acervoformiga.art.br\/acervoformiga\/wp-content\/uploads\/2021\/06\/Painel04_ocupacoes_espacos_publicos.png?resize=1024%2C520 1024w, https:\/\/i0.wp.com\/acervoformiga.art.br\/acervoformiga\/wp-content\/uploads\/2021\/06\/Painel04_ocupacoes_espacos_publicos.png?resize=300%2C152 300w, https:\/\/i0.wp.com\/acervoformiga.art.br\/acervoformiga\/wp-content\/uploads\/2021\/06\/Painel04_ocupacoes_espacos_publicos.png?resize=768%2C390 768w, https:\/\/i0.wp.com\/acervoformiga.art.br\/acervoformiga\/wp-content\/uploads\/2021\/06\/Painel04_ocupacoes_espacos_publicos.png?resize=1536%2C780 1536w, https:\/\/i0.wp.com\/acervoformiga.art.br\/acervoformiga\/wp-content\/uploads\/2021\/06\/Painel04_ocupacoes_espacos_publicos.png?resize=591%2C300 591w, https:\/\/i0.wp.com\/acervoformiga.art.br\/acervoformiga\/wp-content\/uploads\/2021\/06\/Painel04_ocupacoes_espacos_publicos.png?w=1584 1584w\" sizes=\"auto, (max-width: 1000px) 100vw, 1000px\" \/><\/figure>\n\n\n\n<figure class=\"wp-block-gallery has-nested-images columns-default is-cropped wp-block-gallery-1 is-layout-flex wp-block-gallery-is-layout-flex\">\n<figure class=\"wp-block-image size-large\"><img data-recalc-dims=\"1\" loading=\"lazy\" decoding=\"async\" width=\"1000\" height=\"508\" data-attachment-id=\"1924\" data-permalink=\"http:\/\/acervoformiga.art.br\/acervoformiga\/quem-somos\/painel02_ocupacoes_espacos_publicos\/\" data-orig-file=\"https:\/\/i0.wp.com\/acervoformiga.art.br\/acervoformiga\/wp-content\/uploads\/2021\/06\/Painel02_ocupacoes_espacos_publicos.png?fit=1584%2C804\" data-orig-size=\"1584,804\" data-comments-opened=\"0\" data-image-meta=\"{&quot;aperture&quot;:&quot;0&quot;,&quot;credit&quot;:&quot;&quot;,&quot;camera&quot;:&quot;&quot;,&quot;caption&quot;:&quot;&quot;,&quot;created_timestamp&quot;:&quot;0&quot;,&quot;copyright&quot;:&quot;&quot;,&quot;focal_length&quot;:&quot;0&quot;,&quot;iso&quot;:&quot;0&quot;,&quot;shutter_speed&quot;:&quot;0&quot;,&quot;title&quot;:&quot;&quot;,&quot;orientation&quot;:&quot;0&quot;}\" data-image-title=\"Painel02_ocupacoes_espacos_publicos\" data-image-description=\"\" data-image-caption=\"\" data-medium-file=\"https:\/\/i0.wp.com\/acervoformiga.art.br\/acervoformiga\/wp-content\/uploads\/2021\/06\/Painel02_ocupacoes_espacos_publicos.png?fit=300%2C152\" data-large-file=\"https:\/\/i0.wp.com\/acervoformiga.art.br\/acervoformiga\/wp-content\/uploads\/2021\/06\/Painel02_ocupacoes_espacos_publicos.png?fit=1000%2C508\" data-id=\"1924\" src=\"https:\/\/i0.wp.com\/acervoformiga.art.br\/acervoformiga\/wp-content\/uploads\/2021\/06\/Painel02_ocupacoes_espacos_publicos-1024x520.png?resize=1000%2C508&#038;ssl=1\" alt=\"\" class=\"wp-image-1924\" srcset=\"https:\/\/i0.wp.com\/acervoformiga.art.br\/acervoformiga\/wp-content\/uploads\/2021\/06\/Painel02_ocupacoes_espacos_publicos.png?resize=1024%2C520 1024w, https:\/\/i0.wp.com\/acervoformiga.art.br\/acervoformiga\/wp-content\/uploads\/2021\/06\/Painel02_ocupacoes_espacos_publicos.png?resize=300%2C152 300w, https:\/\/i0.wp.com\/acervoformiga.art.br\/acervoformiga\/wp-content\/uploads\/2021\/06\/Painel02_ocupacoes_espacos_publicos.png?resize=768%2C390 768w, https:\/\/i0.wp.com\/acervoformiga.art.br\/acervoformiga\/wp-content\/uploads\/2021\/06\/Painel02_ocupacoes_espacos_publicos.png?resize=1536%2C780 1536w, https:\/\/i0.wp.com\/acervoformiga.art.br\/acervoformiga\/wp-content\/uploads\/2021\/06\/Painel02_ocupacoes_espacos_publicos.png?resize=591%2C300 591w, https:\/\/i0.wp.com\/acervoformiga.art.br\/acervoformiga\/wp-content\/uploads\/2021\/06\/Painel02_ocupacoes_espacos_publicos.png?w=1584 1584w\" sizes=\"auto, (max-width: 1000px) 100vw, 1000px\" \/><\/figure>\n<\/figure>\n\n\n\n<figure class=\"wp-block-gallery has-nested-images columns-default is-cropped wp-block-gallery-2 is-layout-flex wp-block-gallery-is-layout-flex\">\n<figure class=\"wp-block-image size-large\"><img data-recalc-dims=\"1\" loading=\"lazy\" decoding=\"async\" width=\"1000\" height=\"508\" data-attachment-id=\"1925\" data-permalink=\"http:\/\/acervoformiga.art.br\/acervoformiga\/quem-somos\/painel03_ocupacoes_espacos_publicos\/\" data-orig-file=\"https:\/\/i0.wp.com\/acervoformiga.art.br\/acervoformiga\/wp-content\/uploads\/2021\/06\/Painel03_ocupacoes_espacos_publicos.png?fit=1584%2C804\" data-orig-size=\"1584,804\" data-comments-opened=\"0\" data-image-meta=\"{&quot;aperture&quot;:&quot;0&quot;,&quot;credit&quot;:&quot;&quot;,&quot;camera&quot;:&quot;&quot;,&quot;caption&quot;:&quot;&quot;,&quot;created_timestamp&quot;:&quot;0&quot;,&quot;copyright&quot;:&quot;&quot;,&quot;focal_length&quot;:&quot;0&quot;,&quot;iso&quot;:&quot;0&quot;,&quot;shutter_speed&quot;:&quot;0&quot;,&quot;title&quot;:&quot;&quot;,&quot;orientation&quot;:&quot;0&quot;}\" data-image-title=\"Painel03_ocupacoes_espacos_publicos\" data-image-description=\"\" data-image-caption=\"\" data-medium-file=\"https:\/\/i0.wp.com\/acervoformiga.art.br\/acervoformiga\/wp-content\/uploads\/2021\/06\/Painel03_ocupacoes_espacos_publicos.png?fit=300%2C152\" data-large-file=\"https:\/\/i0.wp.com\/acervoformiga.art.br\/acervoformiga\/wp-content\/uploads\/2021\/06\/Painel03_ocupacoes_espacos_publicos.png?fit=1000%2C508\" data-id=\"1925\" src=\"https:\/\/i0.wp.com\/acervoformiga.art.br\/acervoformiga\/wp-content\/uploads\/2021\/06\/Painel03_ocupacoes_espacos_publicos-1024x520.png?resize=1000%2C508&#038;ssl=1\" alt=\"\" class=\"wp-image-1925\" srcset=\"https:\/\/i0.wp.com\/acervoformiga.art.br\/acervoformiga\/wp-content\/uploads\/2021\/06\/Painel03_ocupacoes_espacos_publicos.png?resize=1024%2C520 1024w, https:\/\/i0.wp.com\/acervoformiga.art.br\/acervoformiga\/wp-content\/uploads\/2021\/06\/Painel03_ocupacoes_espacos_publicos.png?resize=300%2C152 300w, https:\/\/i0.wp.com\/acervoformiga.art.br\/acervoformiga\/wp-content\/uploads\/2021\/06\/Painel03_ocupacoes_espacos_publicos.png?resize=768%2C390 768w, https:\/\/i0.wp.com\/acervoformiga.art.br\/acervoformiga\/wp-content\/uploads\/2021\/06\/Painel03_ocupacoes_espacos_publicos.png?resize=1536%2C780 1536w, https:\/\/i0.wp.com\/acervoformiga.art.br\/acervoformiga\/wp-content\/uploads\/2021\/06\/Painel03_ocupacoes_espacos_publicos.png?resize=591%2C300 591w, https:\/\/i0.wp.com\/acervoformiga.art.br\/acervoformiga\/wp-content\/uploads\/2021\/06\/Painel03_ocupacoes_espacos_publicos.png?w=1584 1584w\" sizes=\"auto, (max-width: 1000px) 100vw, 1000px\" \/><\/figure>\n<\/figure>\n\n\n\n<figure class=\"wp-block-image size-large\"><img data-recalc-dims=\"1\" loading=\"lazy\" decoding=\"async\" width=\"1000\" height=\"508\" data-attachment-id=\"1923\" data-permalink=\"http:\/\/acervoformiga.art.br\/acervoformiga\/quem-somos\/painel01_ocupacoes_espacos_publicos\/\" data-orig-file=\"https:\/\/i0.wp.com\/acervoformiga.art.br\/acervoformiga\/wp-content\/uploads\/2021\/06\/Painel01_ocupacoes_espacos_publicos.png?fit=1584%2C804\" data-orig-size=\"1584,804\" data-comments-opened=\"0\" data-image-meta=\"{&quot;aperture&quot;:&quot;0&quot;,&quot;credit&quot;:&quot;&quot;,&quot;camera&quot;:&quot;&quot;,&quot;caption&quot;:&quot;&quot;,&quot;created_timestamp&quot;:&quot;0&quot;,&quot;copyright&quot;:&quot;&quot;,&quot;focal_length&quot;:&quot;0&quot;,&quot;iso&quot;:&quot;0&quot;,&quot;shutter_speed&quot;:&quot;0&quot;,&quot;title&quot;:&quot;&quot;,&quot;orientation&quot;:&quot;0&quot;}\" data-image-title=\"Painel01_ocupacoes_espacos_publicos\" data-image-description=\"\" data-image-caption=\"\" data-medium-file=\"https:\/\/i0.wp.com\/acervoformiga.art.br\/acervoformiga\/wp-content\/uploads\/2021\/06\/Painel01_ocupacoes_espacos_publicos.png?fit=300%2C152\" data-large-file=\"https:\/\/i0.wp.com\/acervoformiga.art.br\/acervoformiga\/wp-content\/uploads\/2021\/06\/Painel01_ocupacoes_espacos_publicos.png?fit=1000%2C508\" src=\"https:\/\/i0.wp.com\/acervoformiga.art.br\/acervoformiga\/wp-content\/uploads\/2021\/06\/Painel01_ocupacoes_espacos_publicos.png?resize=1000%2C508\" alt=\"\" class=\"wp-image-1923\" srcset=\"https:\/\/i0.wp.com\/acervoformiga.art.br\/acervoformiga\/wp-content\/uploads\/2021\/06\/Painel01_ocupacoes_espacos_publicos.png?resize=1024%2C520 1024w, https:\/\/i0.wp.com\/acervoformiga.art.br\/acervoformiga\/wp-content\/uploads\/2021\/06\/Painel01_ocupacoes_espacos_publicos.png?resize=300%2C152 300w, https:\/\/i0.wp.com\/acervoformiga.art.br\/acervoformiga\/wp-content\/uploads\/2021\/06\/Painel01_ocupacoes_espacos_publicos.png?resize=768%2C390 768w, https:\/\/i0.wp.com\/acervoformiga.art.br\/acervoformiga\/wp-content\/uploads\/2021\/06\/Painel01_ocupacoes_espacos_publicos.png?resize=1536%2C780 1536w, https:\/\/i0.wp.com\/acervoformiga.art.br\/acervoformiga\/wp-content\/uploads\/2021\/06\/Painel01_ocupacoes_espacos_publicos.png?resize=591%2C300 591w, https:\/\/i0.wp.com\/acervoformiga.art.br\/acervoformiga\/wp-content\/uploads\/2021\/06\/Painel01_ocupacoes_espacos_publicos.png?w=1584 1584w\" sizes=\"auto, (max-width: 1000px) 100vw, 1000px\" \/><\/figure>\n","protected":false},"excerpt":{"rendered":"<p>Sobre os atores desse projeto: O Acervo P\u00fablico de Filmes Formiga \u00e9 a conflu\u00eancia do trabalho de atua\u00e7\u00e3o do Cineclube Catavento e do Coletivo de M\u00eddia Livre Vai J\u00e3o de&#8230; <\/p>\n<div class=\"link-more\"><a href=\"http:\/\/acervoformiga.art.br\/acervoformiga\/quem-somos\/\">Ler mais<\/a><\/div>\n","protected":false},"author":1,"featured_media":0,"parent":0,"menu_order":0,"comment_status":"closed","ping_status":"closed","template":"","meta":{"_acf_changed":false,"jetpack_post_was_ever_published":false,"footnotes":""},"class_list":["post-512","page","type-page","status-publish","hentry"],"acf":[],"jetpack_sharing_enabled":true,"jetpack_shortlink":"https:\/\/wp.me\/P9F8GS-8g","jetpack_likes_enabled":false,"jetpack-related-posts":[],"_links":{"self":[{"href":"http:\/\/acervoformiga.art.br\/acervoformiga\/wp-json\/wp\/v2\/pages\/512","targetHints":{"allow":["GET"]}}],"collection":[{"href":"http:\/\/acervoformiga.art.br\/acervoformiga\/wp-json\/wp\/v2\/pages"}],"about":[{"href":"http:\/\/acervoformiga.art.br\/acervoformiga\/wp-json\/wp\/v2\/types\/page"}],"author":[{"embeddable":true,"href":"http:\/\/acervoformiga.art.br\/acervoformiga\/wp-json\/wp\/v2\/users\/1"}],"replies":[{"embeddable":true,"href":"http:\/\/acervoformiga.art.br\/acervoformiga\/wp-json\/wp\/v2\/comments?post=512"}],"version-history":[{"count":25,"href":"http:\/\/acervoformiga.art.br\/acervoformiga\/wp-json\/wp\/v2\/pages\/512\/revisions"}],"predecessor-version":[{"id":2243,"href":"http:\/\/acervoformiga.art.br\/acervoformiga\/wp-json\/wp\/v2\/pages\/512\/revisions\/2243"}],"wp:attachment":[{"href":"http:\/\/acervoformiga.art.br\/acervoformiga\/wp-json\/wp\/v2\/media?parent=512"}],"curies":[{"name":"wp","href":"https:\/\/api.w.org\/{rel}","templated":true}]}}